16?
0
What is the tens digit of 174221209?
0
What is the ten millions digit of 882909192?
8
What is the millions digit of 2127167?
2
What is the millions digit of 751610709?
1
What is the millions digit of 920048189?
0
What is the tens digit of 48616673?
7
What is the millions digit of 7780823557?
0
What is the hundred thousands digit of 143137907?
1
What is the tens digit of 1261982858?
5
What is the ten thousands digit of 3084092447?
9
What is the tens digit of 1142980566?
6
What is the ten millions digit of 2192686106?
9
What is the units digit of 75302916?
6
What is the ten millions digit of 43460849?
4
What is the ten thousands digit of 57323168?
2
What is the tens digit of 96498249?
4
What is the ten millions digit of 949252415?
4
What is the hundred thousands digit of 221187910?
1
What is the hundred thousands digit of 319724150?
7
What is the millions digit of 129249783?
9
What is the hundred thousands digit of 110736911?
7
What is the tens digit of 198231566?
6
What is the units digit of 32914700?
0
What is the thousands digit of 96520752?
0
What is the ten millions digit of 10916917?
1
What is the millions digit of 1104252?
1
What is the millions digit of 3190656996?
0
What is the ten millions digit of 106357290?
0
What is the ten millions digit of 61062298?
6
What is the hundreds digit of 169244347?
3
What is the hundred millions digit of 179791712?
1
What is the ten millions digit of 10036828?
1
What is the thousands digit of 661734883?
4
What is the thousands digit of 63376276?
6
What is the units digit of 91948619?
9
What is the millions digit of 1528360126?
8
What is the ten thousands digit of 5236230547?
3
What is the hundred thousands digit of 1759526704?
5
What is the hundreds digit of 49046102?
1
What is the hundred thousands digit of 195521125?
5
What is the thousands digit of 55843963?
3
What is the ten thousands digit of 13793950?
9
What is the units digit of 5806203810?
0
What is the units digit of 19032997?
7
What is the tens digit of 95649132?
3
What is the hundreds digit of 1762437626?
6
What is the thousands digit of 51740997?
0
What is the ten thousands digit of 2362581168?
8
What is the tens digit of 1629082988?
8
What is the millions digit of 73186204?
3
What is the ten millions digit of 23801657?
2
What is the tens digit of 661996872?
7
What is the ten thousands digit of 979969906?
6
What is the billions digit of 3914365730?
3
What is the ten millions digit of 654948144?
5
What is the hundred thousands digit of 66915298?
9
What is the ten millions digit of 664020253?
6
What is the ten millions digit of 284573606?
8
What is the ten millions digit of 678329293?
7
What is the tens digit of 905309468?
6
What is the ten thousands digit of 1943199313?
9
What is the tens digit of 133313418?
1
What is the hundreds digit of 148786256?
2
What is the hundred millions digit of 531939226?
5
What is the ten millions digit of 123004808?
2
What is the hundred millions digit of 195353191?
1
What is the billions digit of 2315677846?
2
What is the ten millions digit of 363690521?
6
What is the millions digit of 908954060?
8
What is the hundred thousands digit of 27091407?
0
What is the thousands digit of 25247143?
7
What is the tens digit of 269116945?
4
What is the units digit of 79691434?
4
What is the ten thousands digit of 10358855?
5
What is the ten millions digit of 23208950?
2
What is the millions digit of 1167473980?
7
What is the thousands digit of 80044232?
4
What is the units digit of 20814314?
4
What is the ten thousands digit of 8978423?
7
What is the millions digit of 289963099?
9
What is the tens digit of 6415188549?
4
What is the units digit of 335127706?
6
What is the units digit of 782233895?
5
What is the hundred thousands digit of 83150888?
1
What is the hundred thousands digit of 37121515?
1
What is the tens digit of 57833359?
5
What is the ten thousands digit of 237712799?
1
What is the hundred thousands digit of 1345909479?
9
What is the millions digit of 335368040?
5
What is the hundred thousands digit of 32854866?
8
What is the hundred thousands digit of 180058060?
0
What is the tens digit of 55167508?
0
What is the billions digit of 2529544835?
2
What is the millions digit of 13932595?
3
What is the ten millions digit of 14495549?
1
What is the tens digit of 70840519?
1
What is the units digit of 159378174?
4
What is the hundred millions digit of 1484556883?
4
What is the hundred millions digit of 638692843?
6
What is the thousands digit of 251138221?
8
What is the hundred thousands digit of 12433053?
4
What is the thousands digit of 93118272?
8
What is the units digit of 104233258?
8
What is the ten thousands digit of 1480598272?
9
What is the hundreds digit of 3272065894?
8
What is the hundreds digit of 408723207?
2
What is the ten thousands digit of 91314635?
1
What is the ten thousands digit of 30169306?
6
What is the hundreds digit of 120742975?
9
What is the hundred millions digit of 695043789?
6
What is the units digit of 1431954632?
2
What is the hundreds digit of 90251635?
6
What is the hundred thousands digit of 2152866125?
8
What is the hundred thousands digit of 2010487291?
4
What is the tens digit of 110655164?
6
What is the hundred millions digit of 1047677942?
0
What is the ten thousands digit of 54436379?
3
What is the ten millions digit of 46085882?
4
What is the ten thousands digit of 19937843?
3
What is the ten thousands digit of 187382089?
8
What is the ten millions digit of 2833868109?
3
What is the hundred thousands digit of 4255318530?
3
What is the units digit of 5911115741?
1
What is the units digit of 1536025?
5
What is the ten millions digit of 1109733156?
0
What is the hundred thousands digit of 196719399?
7
What is the units digit of 132466862?
2
What is the hundred millions digit of 646394626?
6
What is the thousands digit of 2385106960?
6
What is the hundred thousands digit of 6053746281?
7
What is the hundred millions digit of 1416833314?
4
What is the tens digit of 345082375?
7
What is the hundred thousands digit of 75554386?
5
What is the ten millions digit of 11572302?
1
What is the units digit of 324601160?
0
What is the hundred millions digit of 697316817?
6
What is the ten millions digit of 50822785?
5
What is the units digit of 25838600?
0
What is the tens digit of 203438491?
9
What is the hundred thousands digit of 2420225806?
2
What is the thousands digit of 397273232?
3
What is the ten thousands digit of 28036366?
3
What is the hundred thousands digit of 53715655?
7
What is the thousands digit of 48787278?
7
What is the thousands digit of 53742751?
2
What is the tens digit of 81629354?
5
What is the units digit of 10804685?
5
What is the tens digit of 1355299064?
6
What is the ten millions digit of 50515132?
5
What is the hundred millions digit of 143440055?
1
What is the thousands digit of 4436264981?
4
What is the tens digit of 27078623?
2
What is the ten thousands digit of 5743807766?
0
What is the tens digit of 15281704?
0
What is the thousands digit of 4360191?
0
What is the units digit of 443116557?
7
What is the units digit of 13572091?
1
What is the millions digit of 187320728?
7
What is the ten millions digit of 137397751?
3
What is the thousands digit of 51695309?
5
What is the hundred thousands digit of 46894116?
8
What is the hundred millions digit of 337590357?
3
What is the thousands digit of 45622487?
2
What is the hundred thousands digit of 3873387410?
3
What is the tens digit of 7859052?
5
What is the tens digit of 79248122?
2
What is the tens digit of 244117519?
1
What is the units digit of 868138727?
7
What is the units digit of 134715101?
1
What is the thousands digit of 2055811171?
1
What is the hundreds digit of 62580965?
9
What is the hundred thousands digit of 1088551476?
5
What is the thousands digit of 1355403833?
3
What is the ten millions digit of 216569438?
1
What is the ten millions digit of 49525060?
4
What is the hundred thousands digit of 38803870?
8
What is the ten thousands digit of 264457886?
5
What is the tens digit of 47466443?
4
What is the tens digit of 100791957?
5
What is the hundred thousands digit of 45533179?
5
What is the ten thousands digit of 542742150?
4
What is the hundred thousands digit of 571340390?
3
What i